t u = l + 9. What are the prime factors of u?
2
Let a = 48 + 5. What are the prime factors of a?
53
Suppose k - 105 = -5*f, 3*k + f - 3*f = 247. List the prime factors of k.
5, 17
Let s be 2/(-3)*9/(-2). Suppose 3*m - 2*d - 18 = 0, -m = d + s*d + 8. Suppose 2*u - m*u + 4 = 0, 5*u = -2*z + 22. List the prime factors of z.
2, 3
Let g = 6 - 6. Suppose 0 = -g*t + 3*t - 33. What are the prime factors of t?
11
Suppose -51 = -5*o + 4*x, 3*x + 26 = 2*o - 0*x. List the prime factors of o.
7
Suppose -2*a + 84 = 2*q, 4*a - 2*q = -4*q + 164. What are the prime factors of a?
2, 5
Let c = 12 - 4. Let z be (-40)/(-7) + c/28. Let v = 12 - z. What are the prime factors of v?
2, 3
Let t(a) = -3*a**2 + 7*a**2 + 3 + 7*a - 3*a**2. List the prime factors of t(-8).
11
Suppose 2*d + 12 = -0. Let g = d - -11. What are the prime factors of g?
5
Let n(f) = 5*f**2 - 2*f + 1. Let h be n(3). Suppose d - 11 = h. What are the prime factors of d?
3, 17
Let p(a) = a**3 - 13*a**2 - 15*a + 10. Let n be p(14). Let j = n - -23. List the prime factors of j.
19
Suppose 3*b - 5*b + 24 = 0. List the prime factors of (3 + b)/1 + 0.
3, 5
Let x = 9 + -7. Suppose 2*r - x*c = 26, -r = 5*c - 1 + 18. List the prime factors of r.
2
Let w = -5 + -2. What are the prime factors of (-6)/4*(w + 3)?
2, 3
Let f(r) = 3*r**2 + 3 - 1 + 3*r - 2*r**2. Suppose 0 = 2*g + 8 - 0. What are the prime factors of f(g)?
2, 3
Let j(x) = -7*x - 3. Let s = 7 + -11. List the prime factors of j(s).
5
Suppose -216 = -3*f - 3*l, -2*f = 5*l + 4 - 154. What are the prime factors of f?
2, 5, 7
Suppose -4*f + 4*r = -96, -4*r - 18 + 154 = 4*f. Let a = f + -14. What are the prime factors of a?
3, 5
Let j(p) = p**2 + 2*p. Let y be j(-4). Suppose -y = -k - k + 4*m, 4*k - 2*m = 34. List the prime factors of k.
2, 5
Suppose 6*p = -8 - 4. Suppose -39 = 5*z + 21. List the prime factors of -2 + (p - (2 + z)).
2, 3
Suppose 47*g = 45*g + 144. List the prime factors of g.
2, 3
Let d(o) = o**3 - 4*o**2 - 4*o - 2. Let q be d(5). List the prime factors of q/(3/40) + -1.
3, 13
Suppose x - 40 = 5*s, s - 6*s = x + 10. List the prime factors of x.
3, 5
Let c(l) = 57*l**2. What are the prime factors of c(1)?
3, 19
Suppose -13 = -4*t - 3*s, 4*t = -t - 3*s + 17. Suppose -t*h + 3 = -5. Suppose 5*l = -h*o + 6 + 18, -4*l = -5*o - 39. List the prime factors of l.
2, 3
Suppose n - 3 + 5 = 0. What are the prime factors of ((-40)/6)/(n/6)?
2, 5
Let u(d) = 2*d - 2. Let p be u(-2). Let y = -3 - p. Suppose -g + 2 = 2*h, -y*g + 8*g = -3*h + 17. List the prime factors of g.
2
Let d(w) = 4*w + 2. List the prime factors of d(3).
2, 7
Let v = 39 + -22. What are the prime factors of v?
17
Let u be 1/(-2) - 1/(-2). Suppose 3*f - 9 = 4*v + 48, -3*f - 3*v + 78 = u. Suppose h = 5*w - f, -3*h - 3 = w + 2. List the prime factors of w.
2
Let t = -4 + 6. Let d be (-1)/t*-42*2. Suppose -4*g - 5*m = -0*g - 57, -d = -4*g - 2*m. List the prime factors of g.
2
Suppose 430 = 4*t - 450. What are the prime factors of ((-12)/(-15))/(4/t)?
2, 11
Let m(c) = -c**3 + 3*c**2 + 3*c. Suppose -4*d + 14 = -5*n + 61, 0 = 4*n - 4*d - 40. Let h = -4 + n. List the prime factors of m(h).
3
Let r be 0 - -2 - (-1)/1. Let o = 49 + -47. Suppose -r*n + 38 = -n - 2*s, -43 = -o*n + 3*s. List the prime factors of n.
2, 7
Suppose 2*j + 3*j = 250. List the prime factors of j.
2, 5
Suppose 4*x - 3*l - 210 = -2*l, 2*x + 4*l = 114. What are the prime factors of x?
53
Suppose -2*d = -d - 4, -3*d - 86 = -2*h. What are the prime factors of h?
7
Let a(x) = -46*x + 10. Let r be a(-5). Suppose -r = -5*z - i, 5*z - 64 = 4*z + 3*i. List the prime factors of z.
7
Let m(z) = 7*z + 1. Let u be m(1). Let v be 30/(-35)*((-84)/(-1))/(-2). Suppose 2 = -q, 3*n - u*n + v = -3*q. What are the prime factors of n?
2, 3
Suppose 5*h - 14 = 3*u, -3*u = 3*h - 2*h - 10. Suppose 5*f = 2*q + q + u, -5*f = -4*q - 6. Let w = q + 14. List the prime factors of w.
2, 5
Let v(i) = -i**3 - 8*i**2 - 9*i - 13. Let b be v(-7). List the prime factors of 21 + 2 + -5 + b.
19
Suppose h = -4 - 11. List the prime factors of (-2)/(-4)*4 - h.
17
Suppose 0 = -p - 2 + 7. Suppose -64 = -p*o - 3*t, -o - 4*o - 2*t = -66. What are the prime factors of o?
2, 7
Let d be (-4)/(-10) - 246/(-10). Suppose -4*a + d = a, 0 = 2*f + a - 13. Suppose m - f*s + 1 = 0, -s - s = -8. What are the prime factors of m?
3, 5
Let l(y) = 10*y**3 - 1 + 1 + 2*y**2 - 11*y**3 + 2*y. List the prime factors of l(-2).
2, 3
Let j be -1 + (68/(-2))/1. List the prime factors of (8/10)/((-7)/j).
2
Let k(w) = -w**3 - w**2 + w + 21. Let z = -24 + 24. What are the prime factors of k(z)?
3, 7
Let n be ((-8)/(-6))/(2/6). Let t = n + 1. What are the prime factors of t?
5
Let k be (-1 - -1) + -1 + 4. Suppose -3*w + 4*f = 0, -k*w + 0*f - 3*f + 21 = 0. What are the prime factors of w?
2
Suppose 2*a + 17 = 2*t - 53, 5 = t. Let d be 14*(-1 + 2*-1). Let n = a - d. What are the prime factors of n?
2, 3
Suppose -4*t - 16 = -4. Let u = t + 19. Suppose z = 0, 2*q + 3*z - u = -0*q. List the prime factors of q.
2
Let q = -17 - -28. Let z = q - 16. List the prime factors of ((-6)/z)/(8/20).
3
Let c = 26 - 14. Suppose -5*n + 29 = -0*x + 2*x, -2*n = x - c. List the prime factors of x.
2
Let a = -4 - -7. Suppose k - 4*w + a*w = 7, 2*w + 4 = 0. Let x = k + 4. What are the prime factors of x?
3
Let o(d) = 57*d - 1. Let h be o(1). What are the prime factors of 1/4*(-4 + h)?
13
Let n be 3 + -1 + (2 - -16). Let u = 45 - 20. Suppose 4*i = 3*b + n, 5*i + b - u = 2*b. What are the prime factors of i?
5
Suppose 0 = 3*f + f - 56. Let s be 57/21 - (-4)/f. Suppose 0*y = z + 4*y + 7, 31 = s*z - y. What are the prime factors of z?
3
Let v(d) = d**2 - 10*d + 8. Let a be v(6). List the prime factors of 4/a + 25/4.
2, 3
Let m(z) = z**2 + 7*z + 9. List the prime factors of m(5).
3, 23
Let x = -6 - -8. Suppose -10 + 2 = -x*f. Suppose i - f*i = -15. What are the prime factors of i?
5
Let c(b) = b**2 - b - 2. Let t be c(3). Let j be (2/1)/((-4)/(-54)). Suppose -t*g - j - 5 = -3*a, a + 2*g - 4 = 0. List the prime factors of a.
2
Suppose -38 = -6*m + 3*m + 5*v, -5*v - 26 = -m. Let u = 16 - m. What are the prime factors of u?
2, 5
Suppose 157 = 7*w - 403. List the prime factors of w.
2, 5
Let m(h) = -7 + 18 - 10 - 7*h. Let n be m(-10). Suppose -n + 17 = -3*i. List the prime factors of i.
2, 3
Let a = 25 + -13. What are the prime factors of (-1)/2 - (-186)/a?
3, 5
Suppose -4*i = -4*q - q - 30, -3*q = 5*i - 19. Suppose 14 = i*v - 26. What are the prime factors of v?
2
Suppose 5*g = -0*g + 35. Suppose 4*i + 18 = -2*a + 5*a, 0 = -3*i - 9. List the prime factors of a/7 + 110/g.
2
Let b(q) be the second derivative of q**4/12 - 11*q**3/6 + 6*q**2 - q. Suppose 19 = 2*g - p - 4, 3*p + 3 = 0. What are the prime factors of b(g)?
2, 3
Let v = 5 + -2. Suppose 0 = v*m + 2*r - 25, 4*m + r = -r + 34. What are the prime factors of m?
3
Suppose -j = j - 216. List the prime factors of 2/(-1) + j/3.
2, 17
Let i = 8 - 12. What are the prime factors of (-1 - (2 + i))*5?
5
Let m = 3 + 0. Suppose 0 = -2*c + 3*c - 2. Suppose c*u - m = u. What are the prime factors of u?
3
Suppose 0 = 12*z - 10*z - 486. What are the prime factors of z?
3
Let q = 28 - 10. What are the prime factors of q?
2, 3
Suppose 11*v - 108 - 167 = 0. What are the prime factors of v?
5
Suppose 3*y + 2*g - 4 = -2*g, 3*y - 3*g - 39 = 0. Let i be y/44 - (-1052)/22. Suppose -4*o = -0*o - i. What are the prime factors of o?
2, 3
Let j(x) = -x + 2. Let w be j(6). Let f = 4 - w. List the prime factors of f.
2
Suppose 5*q - 3*q - 86 = 0. List the prime factors of q.
43
Suppose -3*b - 27 = -4*b - 2*j, 2*j = -4*b + 126. Suppose -b = -c - 2*c. List the prime factors of c.
11
What are the prime factors of 7908/66 + (-4)/(-22)?
2, 3, 5
Let d be 5 - (-1 - -1) - 0. Suppose d*u - 78 = 27. List the prime factors of u.
3, 7
Suppose -2*v + v = 5*b - 45, 0 = -4*b - 4*v + 52. Suppose -3*f + b*f = 105. List the prime factors of f.
3, 7
Let f(g) = 1 + g**3 - 5*g**2 - 4*g**2 - g - 2*g**2 + 15. What are the prime factors of f(11)?
5
Suppose -3*h - 2 = -5*n - 0, 4*h = -n - 18. Let a(y) = y + 10. What are the prime factors of a(h)?
2, 3
Suppose 3*w + 6*b - 2*b = 298, 5*b = 2*w - 168. List the prime factors of w.
2, 47
Let u(d) = -d**3 + 7*d**2 - 4*d - 8. Let h be u(6). Suppose -k - 5*r - 22 = 0, -h*k - 31 = 3